.
2, 3, 7043
What are the prime factors of 4538177?
7, 43, 15077
What are the prime factors of 7662232?
2, 787, 1217
What are the prime factors of 30733?
73, 421
List the prime factors of 204612.
2, 3, 17, 59
What are the prime factors of 37976?
2, 47, 101
What are the prime factors of 453708?
2, 3, 4201
List the prime factors of 16174.
2, 8087
What are the prime factors of 1785431?
1785431
What are the prime factors of 1253926?
2, 626963
List the prime factors of 13663030.
2, 5, 1366303
What are the prime factors of 6897775?
5, 275911
List the prime factors of 203919.
3, 101, 673
What are the prime factors of 242203?
13, 31, 601
List the prime factors of 804539.
571, 1409
What are the prime factors of 234784?
2, 11, 23, 29
List the prime factors of 21026181.
3, 11, 637157
What are the prime factors of 725752?
2, 83, 1093
What are the prime factors of 10470734?
2, 5235367
List the prime factors of 10795762.
2, 19, 127, 2237
List the prime factors of 7958657.
7, 1136951
List the prime factors of 1655549.
7, 236507
List the prime factors of 90953.
19, 4787
List the prime factors of 777420.
2, 3, 5, 7, 617
List the prime factors of 3600976.
2, 225061
List the prime factors of 1194811.
17, 67, 1049
List the prime factors of 926296.
2, 7, 17, 139
List the prime factors of 17461772.
2, 4365443
List the prime factors of 2455823.
2455823
What are the prime factors of 22220607?
3, 263, 28163
What are the prime factors of 241140?
2, 3, 5, 4019
List the prime factors of 1178479.
1178479
List the prime factors of 42458.
2, 13, 23, 71
List the prime factors of 139434.
2, 3, 17, 1367
What are the prime factors of 10441979?
10441979
What are the prime factors of 11540129?
11540129
List the prime factors of 103025.
5, 13, 317
List the prime factors of 3199075.
5, 11, 11633
List the prime factors of 2178819.
3, 37, 727
What are the prime factors of 9464219?
67, 141257
List the prime factors of 194717.
194717
What are the prime factors of 1031415?
3, 5, 7, 11, 19, 47
List the prime factors of 2193998.
2, 1096999
List the prime factors of 1348872.
2, 3, 7, 31, 37
What are the prime factors of 3310684?
2, 13, 63667
What are the prime factors of 75165?
3, 5, 5011
What are the prime factors of 269025?
3, 5, 17, 211
What are the prime factors of 9332921?
13, 717917
What are the prime factors of 1210859?
13, 17, 5479
List the prime factors of 289537.
139, 2083
What are the prime factors of 18414124?
2, 31, 148501
List the prime factors of 6688466.
2, 389, 8597
List the prime factors of 1735249.
59, 29411
List the prime factors of 381491.
11, 79, 439
What are the prime factors of 297858?
2, 3, 11, 4513
What are the prime factors of 161320?
2, 5, 37, 109
What are the prime factors of 8215311?
3, 13, 313, 673
List the prime factors of 785173.
67, 11719
List the prime factors of 5260699.
5260699
What are the prime factors of 335688?
2, 3, 71, 197
What are the prime factors of 4404012?
2, 3, 367001
List the prime factors of 632522.
2, 11, 28751
List the prime factors of 331126.
2, 17, 9739
What are the prime factors of 1090943?
7, 155849
List the prime factors of 1109921.
1109921
List the prime factors of 464816.
2, 11, 19, 139
List the prime factors of 1093874.
2, 546937
What are the prime factors of 28349?
28349
What are the prime factors of 243413?
47, 5179
List the prime factors of 14122291.
17, 277, 2999
What are the prime factors of 13413578?
2, 17, 241, 1637
What are the prime factors of 6101102?
2, 7, 103, 4231
What are the prime factors of 641309?
23, 27883
List the prime factors of 30448.
2, 11, 173
List the prime factors of 1258155.
3, 5, 73, 383
List the prime factors of 1274.
2, 7, 13
List the prime factors of 594154.
2, 11, 113, 239
What are the prime factors of 14888079?
3, 1654231
List the prime factors of 920813.
59, 15607
List the prime factors of 20547355.
5, 41, 113, 887
What are the prime factors of 474819?
3, 163, 971
List the prime factors of 146037.
3, 48679
List the prime factors of 477789.
3, 13, 12251
List the prime factors of 33399.
3, 1237
What are the prime factors of 204698?
2, 13, 7873
What are the prime factors of 531006?
2, 3, 7, 47, 269
What are the prime factors of 131398?
2, 65699
List the prime factors of 423255.
3, 5, 7, 29, 139
What are the prime factors of 321540?
2, 3, 5, 23, 233
What are the prime factors of 21330169?
7, 3047167
List the prime factors of 698767.
233, 2999
What are the prime factors of 18431107?
367, 50221
List the prime factors of 613217.
11, 107, 521
List the prime factors of 874152.
2, 3, 19, 71
List the prime factors of 10326694.
2, 7, 83, 8887
What are the prime factors of 1059691?
593, 1787
What are the prime factors of 1251678?
2, 3, 227, 919
List the prime factors of 115052.
2, 7, 587
What are the prime factors of 27071654?
2, 821, 16487
List the prime factors of 772762.
2, 386381
List the prime factors of 59144.
2, 7393
What are the prime factors of 24456511?
461, 53051
List the prime factors of 2286712.
2, 285839
What are the prime factors of 182197?
167, 1091
List the prime factors of 125936.
2, 17, 463
List the prime factors of 860726.
2, 607, 709
What are the prime factors of 19246222?
2, 9623111
What are the prime factors of 6566165?
5, 17, 77249
List the prime factors of 3383834.
2, 1691917
List the prime factors of 814143.
3, 11, 24671
What are the prime factors of 112963?
83, 1361
List the prime factors of 137848.
2, 17231
What are the prime factors of 5547690?
2, 3, 5, 761
List the prime factors of 4388929.
23, 190823
List the prime factors of 4133.
4133
What are the prime factors of 8325749?
281, 29629
What are the prime factors of 2335917?
3, 19, 107, 383
What are the prime factors of 430540?
2, 5, 11, 19, 103
List the prime factors of 15724378.
2, 31, 127, 1997
List the prime factors of 6713982.
2, 3, 11, 89, 127
What are the prime factors of 6713048?
2, 839131
What are the prime factors of 19184475?
3, 5, 229, 1117
What are the prime factors of 6847059?
3, 397, 5749
What are the prime factors of 5573166?
2, 3, 47, 19763
What are the prime factors of 897662?
2, 139, 3229
What are the prime factors of 132823?
317, 419
List the prime factors of 760682.
2, 13, 17, 1721
List the prime factors of 1267394.
2, 149, 4253
List the prime factors of 186878.
2, 41, 43, 53
What are the prime factors of 355294?
2, 177647
What are the prime factors of 600766?
2, 131, 2293
List the prime factors of 258623.
258623
List the prime factors of 139822.
2, 69911
What are the prime factors of 9533321?
7, 1361903
List the prime factors of 2067085.
5, 413417
What are the prime factors of 867729?
3, 289243
What are the prime factors of 536014?
2, 83, 3229
What are the prime factors of 306029?
306029
What are the prime factors of 77902?
2, 11, 3541
List the prime factors of 1892115.
3, 5, 19, 2213
List the prime factors of 267266.
2, 133633
List the prime factors of 179184.
2, 3, 3733
List the prime factors of 1400506.
2, 47, 317
List the prime factors of 58127.
37, 1571
What are the prime factors of 1682593?
11, 151, 1013
List the prime factors of 11173224.
2, 3, 465551
List the prime factors of 356009.
577, 617
List the prime factors of 10173584.
2, 635849
List the prime factors of 84383.
13, 6491
List the prime factors of 1553750.
2, 5, 11, 113
List the prime factors of 173873.
7, 59, 421
List the prime factors of 1595884.
2, 37, 41, 263
What are the prime factors of 3052499?
3052499
What are the prime factors of 13607829?
3, 79, 19139
List the prime factors of 210555.
3, 5, 4679
What are the prime factors of 7687160?
2, 5, 13, 14783
What are the prime factors of 24761004?
2, 3, 163, 12659
What are the prime factors of 2652692?
2, 7, 211, 449
What are the prime factors of 1513848?
2, 3, 7, 9011
List the prime factors of 1252981.
163, 7687
What are the prime factors of 1091396?
2, 23, 11863
What are the prime factors of 931897?
61, 15277
What are the prime factors of 842348?
2, 13, 97, 167
What are the prime factors of 13807864?
2, 7, 246569
What are the prime factors of 1563162?
2, 3, 260527
What are the prime factors of 27505891?
7, 29, 135497
List the prime factors of 3167336.
2, 283, 1399
What are the prime factors of 864414?
2, 3, 48023
List the prime factors of 12295.
5, 2459
List the prime factors of 123977